2.
-5
What is 7 - ((3 - 21 - -7) + 4)?
14
Calculate 1 + 3 + (-5 - (-8 + -10) - 22).
-5
-58 + 51 + (1 - -4 - (-9 + 10))
-3
Evaluate (2 - (0 - 0)) + 15.
17
Evaluate -17 + 0 - 2 - 0 - (-353 - -349).
-15
What is the value of (-6 - (0 + 1)) + -331 + 336?
-2
Evaluate 20 + 2 + -12 - (-12 - -10).
12
What is the value of 13 - (8 + -7 - -2)?
10
Calculate 2 + 2 + 18 + -18 - 7.
-3
What is the value of (1 - -3) + (7 - 6 - (0 - -2))?
3
-612 + 628 - (44 + 1)
-29
Calculate (13 - (19 - 3)) + -6 + 3.
-6
Evaluate 21 + (-7 - -36) + -51.
-1
Evaluate (13 - ((-2 - 3) + 9)) + 25 + -17.
17
What is the value of (-96 + 41 - -28) + 12?
-15
Calculate (0 - 11) + (76 - 68).
-3
What is the value of (77 - 17 - 46) + (-45 - -1)?
-30
Calculate 1 + -22 + (-3 - (-9 + -2 - 0)).
-13
(-1 - -9) + -37 + 12 + 14
-3
What is the value of (-11 - (-7 - 7)) + -1 + 8?
10
What is -2 - (-2 - -4) - (-10 + 12 + 1)?
-7
What is the value of 183 + -226 + 1 + (20 - 5)?
-27
Evaluate 9 - (-14 + -3 + 10).
16
What is -101 + 94 + (6 - 1)?
-2
-3 - (2 + -8 - (7 - -10 - 46))
-26
-7 + 18 - (-4 - (-11 - (6 + -11)))
9
0 - 32 - (182 - 215)
1
Calculate 2 + -2 - (-40 - -18 - -25).
-3
What is 0 - (0 - 0 - 6) - 5 - 13?
-12
Calculate -23 - ((-7 - 23) + 11).
-4
Evaluate 10 - (-6 + (22 - 9) + 11).
-8
Evaluate -10 + (-14 - (31 + -48) - (-42 - 0)).
35
What is the value of 25 - (5 - (-22 - 13))?
-15
Evaluate 8 - (2 - (0 + 0)) - (-26 - -34).
-2
7 - (3 - (11 + -3))
12
-2 + 2 - (6 + -35) - 13
16
2 - -35 - (-5 + -2 + -2 + 14)
32
(-2 - 2) + 13 - 11
-2
Evaluate 19 + (-1 - (-1 + -2) - (-137 - -143)).
15
What is the value of (-1 - 9) + 17 + (-6 - 9)?
-8
What is 0 + -36 + 0 - (53 - (135 - 74))?
-28
6 - (-25 - -45 - 2)
-12
Calculate -17 + -1 + 12 + -4 + 18.
8
Evaluate (-17 + 16 - -14) + (-3 - (-3 + 10)).
3
What is -2 + (5 - 7) - 1 - -9?
4
What is -199 + 179 + (0 - -22)?
2
What is the value of -11 + 1 + (22 - 14) + -15 + 1?
-16
3 - (-3 + -1 + (24 - 14)) - -3
0
Calculate 1 + -2 + 17 + 6 + 4 + -18.
8
-6 - (-5 - -4) - -8 - (-16 - -22)
-3
Evaluate -6 - ((-43 - -14) + 10).
13
Calculate -1 - 29 - -29 - (3 - -15).
-19
(53 - 22) + -25 + -3 + 0 - 3
0
(-1 + (0 - 1) - -5) + (-8 - 1)
-6
Evaluate 6 + -14 + 6 + 11.
9
What is the value of (-7 + (4 - (-6 - -3)) - -1) + 1?
2
What is the value of -5 + (-29 - (-20 + -35))?
21
Calculate -12 + 20 - (-7 + 8 + -7).
14
-7 - (15 + 13 + -19 + -17)
1
Evaluate (7 - (15 + -11 - (-1 - 1))) + 0.
1
Calculate 10 + (0 - -2) + (-71 - -70).
11
32 - 47 - (-24 - -12)
-3
What is the value of -7 + -3 - -3 - (1 - (43 + -5))?
30
What is the value of -30 + 1 - (278 + -310)?
3
Evaluate 2 + (-25 + 23 - -10).
10
Evaluate -6 - (-5 - (3 - (12 + -3))).
-7
Calculate -36 + 45 - (-19 + 5).
23
Evaluate -23 + (7 - 1) + -7 + 9.
-15
What is the value of -6 - 11 - -7 - 0?
-10
What is (360 - 342) + (-1 + 2 - -5)?
24
What is the value of 1 + -7 + -83 + 71?
-18
-40 + (24 - 15) + 4 + (-2 - 4)
-33
Evaluate 10 - (-7 + 13 + 3 + -2 + 3).
0
Calculate (-3 - -6) + 6 + (-13 + 21 - 10).
7
Calculate 1 - -2 - ((-73 - -71) + 0 + 7).
-2
-39 + 0 + (35 - 11)
-15
Calculate 1 + -35 - -30 - 20.
-24
What is -20 + (-1 - (19 + -33 + 10))?
-17
What is the value of -7 - -10 - (15 - 13)?
1
Evaluate -3 + 3 - 4 - (5 - (10 + -11)).
-10
What is 21 + -15 + -1 - -1?
6
-10 + 14 + -12 + -3
-11
Calculate 0 - (-15 + 24 - 20).
11
Evaluate (-769 - -777) + (-2 - ((2 - 0) + 0)).
4
Calculate -18 + 41 + -12 - (3 + 11).
-3
Calculate (1 - (-8 + 2)) + (-11 - (20 + -32)).
8
What is -7 + (0 - -7) + (-16 - -5) + 24?
13
Evaluate (4 - -3) + -8 - (-8 + 6 + -10).
11
-5 - (-6 + -4) - -1 - (-16 + 21)
1
Calculate (-1 - -3 - 0) + -103 + 15 + 93.
7
Calculate -3 + (4 + -8 - 2) - 1.
-10
Calculate (15 - (5 - 11)) + (-3 - 6).
12
Calculate 17 - 0 - (101 + -72).
-12
Calculate 50 + (-9 - (23 + 1 + -19)).
36
Calculate (0 - 26) + (-1 + 10 - 8).
-25
What is the value of -24 - (19 + -36 + -7)?
0
Evaluate (5 - -4) + -3 - (97 - 114).
23
Calculate -3 + (-1 + -3 - (-53 - -44)) - 2.
0
What is -22 - (12 - (-33 - -40))?
-27
What is (-3 - -12 - 17) + 23?
15
Calculate 26 + -53 - -32 - 5.
0
What is 19 + (-6 + 14 - 12)?
15
Evaluate 1 - 8 - (-6 + -4 - (-2 - 6)).
-5
What is the value of 15 + (2 - 23 - (-30 + 14))?
10
What is the value of (17 - 8 - (0 - -6)) + -14 + -1?
-12
Evaluate -10 - (10 + -5 - 10 - 1).
-4
What is (-15 - -2 - -7 - -4) + 12?
10
Calculate -14 - -10 - (5 + -12 + 5).
-2
Calculate 33 - 35 - (2 + 1 + 1).
-6
Calculate (1 - 3) + 202 + -144 - 15.
41
65 + -57 + (-7 - (-1 - 1))
3
What is the value of 12 + 2 - (12 - 2)?
4
What is 17 + -49 - (-28 + -10)?
6
Evaluate -14 - (-38 + (14 - -4)).
6
-41 - (-1 + 10 - 32)
-18
Calculate (-29 - -68) + -35 + 13.
17
Evaluate (-11 - -2) + (14 - 3 - 8) - 0.
-6
Evaluate -12 - (9 + -15 + 12 - 47).
29
What is the value of (-7 - 6 - -21) + -2 + 3?
9
Calculate -5 - -8 - ((-3 - 0) + -4).
10
What is -37 + 55 - (5 + -24 + 6)?
31
1 + -2 + -4 + -8 + 7
-6
(37 - 5) + (-16 - 21)
-5
Calculate (-21 - -44) + (-3 - 2).
18
-43 + 86 + -41 - (-21 - (-1 + 0))
22
What is 0 + -16 + (-5 - -13)?
-8
(-31 - (-35 + 5)) + -7
-8
What is 15 + -20 - (2 + 0 + 2 - -1)?
-10
Calculate -27 - (2 + -10 - -9 - -2) - -3.
-27
Calculate 10 + -11 + 13 + 2 + -2 - -1.
13
What is -6 - (-8 + -2 + 0) - -11?
15
Evaluate 15 + ((8 - 12) + (5 - 1) - 2).
13
Calculate -26 + (10 - -46 - 5).
25
Calculate -12 + 5 - ((10 - 10) + 2) - 8.
-17
What is 0 - 8 - (-4 - (-89 + 71))?
-22
What is 39 + (2 + (11 - 10) + 2 - 12)?
32
-4 + 18 + (-1 - (-7 + 2)) + -9
9
Calculate 3 - 6 - (26 - 41).
12
-8 + (-14 - -52) - 24
6
Calculate -14 + (-55 - -52) + (1 - 8) + 3.
-21
0 + -13 + 18 + -6
-1
What is the value of -7 + (-4 - 4 - -4) + 5 + -2?
-8
Evaluate 3 + 5 + -22 + -9 + (-6 - -11).
-18
Calculate (10 - (-4 + 12)) + -11 - -8.
-1
10 + -5 + 5 + -13
-3
Evaluate -15 - -4 - (-9 - 4).
2
-8 + 0 - (1 + -10 - (103 + -115))
-11
Evaluate 5 + -8 + 8 + -28 - -5.
-18
What is the value of 7 + 6 + -5 - (-23 + 41)?
-10
Evaluate -10 - -5 - -2 - -13.
10
Evaluate -62 + 106 + -36 + (1 - 28).
-19
What is the value of 7 - (1 + 4 - (-57 - -56))?
1
8 + (-6 + 15 - 11)
6
What is 10 + (7 - (21 - 11) - 8)?
-1
What is 0 + 12 + (13 - 35) + 0?
-10
Calculate -2 + (-33 - -36) + 5 + 0 + -9.
-3
0 + (0 + 1 - (-3 + -21 + 12))
13
Calculate (7 + 4 - 7) + 7 - 0.
11
Evaluate -7 - (3 - (-1 + (6 - 0) + 3)).
-2
Evaluate -2 + -3 + 5 - ((1 - -3) + -4).
0
What is the value of 26 + 4 - (-4 - -5) - (-11 + 17)?
23
Evaluate -7 + 4 + 10 - (9 - 16).
14
Evaluate 21 - (-11 - -41 - 28).
19
(21 - (-17 - -48)) + (5 - 0) + 3
-2
What is 5 + (-18 - (-3 - 2)) + -17 + 10?
-15
What is (-15 + 1 - -4) + 16?
6
What is (15 - 27) + 1 + -1 + 6 - -9?
3
What is -25 + (31 - -2) + -32?
-24
Evaluate 24 - 14 - (3 - 8).
15
-25 - (0 + (-14 - 4))
-7
(-3 - -10) + 15 + -44 + 13
-9
Evaluate -469 + 458 + (2 - 5).
-14
-15 + 10 + -4 + -1 + -9 + 5
-14
Calculate (5 - (-29 - -27)) + -2.
5
Evaluate -11 - (-23 - -12) - 4.
-4
(0 - 1) + (-14 + 32 - 17)
0
Calculate -7 + (-11 - -19) - 0 - (14 - 0).
-13
Calculate (-22 + 94 - 30) + -10.
32
3 - (-1 - 1) - (5 - (-3 - -1))
-2
Calculate 7 + (-14 - -15 - 27).
-19
Evaluate 18 - (-1 + (5 - -8)).
6
Evaluate 65 + -36 + 13 - 67.
-25
17 + 5 - (245 + -223)
0
Evaluate 22 - ((7 - 7 - -2) + -4) - -2.
26
Evaluate 4 - ((5 - 12 - -5) + (-2 - -3)).
5
What is (6 - (5 - 4)) + (25 - 26)?
4
What is 25 - ((1 - -17) + 18)?
-11
Evaluate (-4 - 9) + 2 + 12.
1
What is -13 - (10 - (54 + -15) - -7)?
9
What is the value of (-42 - -8 - -44) + -15 + -1?
-6
35 - 18 - 21 - -16
12
Evaluate (1 - (2 + (14 - 10))) + -5.
-10
What is the value of 1 - 51 - (-29 - -2)?
-23
What is (19 - 38) + (-8 + 8 - 9)?
-28
What is (28 - 13) + -12 + (-1 - (0 + 1))?
1
Evaluate -3 + (2 - 3) + 20 + -14 + 8.
10
Evaluate 11 + -28 + 47 + -36.
-6
Calculate (-16 - (-30 + -2)) + -4.
12
-38 + (33 - 13) + (2 - -4)
-12
Calculate 5 + (11 - 3) - 1.
12
Calculate 1 + 10 - (8 + 38 + -65).
30
Calculate (-4 - (-10 - 2)) + (-2 - 1) + -6.
-1
Evaluate -1 + 0 - (2 + (5 + -6 - -2)).
-4
What is 24 - (20 + -10) - -6?
20
What is the value of 7 - ((-9 - -18) + -4)?
2
What is (11 - (-7 - -19)) + -22?
-23
Evaluate (-7 - -2) + -4 - (-17 - (-2 + -7)).
-1
What is -13 - (11 - -12 - 22)?
-14
120 + -111 + (7 - -1) - (1 + -6)
22
Calculate 88 + -98 - (0 - 2 - 14).
6
-16 - ((-31 - -24) + -9)
0
What is the value of 8 + (-7 - ((-3 - (-5 + 12)) + -1))?
12
What is the value of 5 - (9 + 7 + 9 